 remainder when 699 is divided by 103.
81
What is the remainder when 291 is divided by 23?
15
What is the remainder when 645 is divided by 54?
51
What is the remainder when 1205 is divided by 400?
5
What is the remainder when 939 is divided by 51?
21
What is the remainder when 1060 is divided by 266?
262
What is the remainder when 145 is divided by 38?
31
What is the remainder when 169 is divided by 23?
8
Calculate the remainder when 8 is divided by 8.
0
What is the remainder when 782 is divided by 49?
47
Calculate the remainder when 179 is divided by 81.
17
What is the remainder when 41 is divided by 22?
19
What is the remainder when 243 is divided by 41?
38
Calculate the remainder when 335 is divided by 329.
6
Calculate the remainder when 791 is divided by 53.
49
Calculate the remainder when 560 is divided by 505.
55
Calculate the remainder when 15717 is divided by 60.
57
Calculate the remainder when 2552 is divided by 111.
110
Calculate the remainder when 155 is divided by 14.
1
What is the remainder when 1647 is divided by 18?
9
What is the remainder when 213 is divided by 44?
37
What is the remainder when 1075 is divided by 8?
3
What is the remainder when 199 is divided by 8?
7
What is the remainder when 8165 is divided by 8?
5
Calculate the remainder when 237 is divided by 4.
1
Calculate the remainder when 836 is divided by 800.
36
Calculate the remainder when 27 is divided by 14.
13
Calculate the remainder when 1277 is divided by 5.
2
What is the remainder when 117 is divided by 41?
35
Calculate the remainder when 326 is divided by 57.
41
Calculate the remainder when 257 is divided by 32.
1
Calculate the remainder when 1648 is divided by 212.
164
Calculate the remainder when 473 is divided by 280.
193
What is the remainder when 456 is divided by 124?
84
What is the remainder when 32 is divided by 30?
2
What is the remainder when 435 is divided by 22?
17
What is the remainder when 43 is divided by 9?
7
What is the remainder when 1350 is divided by 23?
16
What is the remainder when 393 is divided by 11?
8
What is the remainder when 662 is divided by 83?
81
What is the remainder when 336 is divided by 39?
24
Calculate the remainder when 1517 is divided by 1517.
0
Calculate the remainder when 137 is divided by 29.
21
What is the remainder when 278 is divided by 13?
5
What is the remainder when 209 is divided by 27?
20
Calculate the remainder when 5634 is divided by 125.
9
Calculate the remainder when 2163 is divided by 271.
266
What is the remainder when 1295 is divided by 327?
314
Calculate the remainder when 1201 is divided by 110.
101
What is the remainder when 296 is divided by 30?
26
What is the remainder when 1124 is divided by 293?
245
What is the remainder when 25 is divided by 14?
11
Calculate the remainder when 143 is divided by 19.
10
Calculate the remainder when 47 is divided by 8.
7
Calculate the remainder when 47 is divided by 21.
5
What is the remainder when 2594 is divided by 59?
57
What is the remainder when 3089 is divided by 43?
36
Calculate the remainder when 592 is divided by 27.
25
What is the remainder when 88920 is divided by 173?
171
What is the remainder when 225 is divided by 188?
37
Calculate the remainder when 242 is divided by 97.
48
Calculate the remainder when 292 is divided by 74.
70
Calculate the remainder when 304 is divided by 44.
40
Calculate the remainder when 535 is divided by 61.
47
What is the remainder when 3676 is divided by 67?
58
Calculate the remainder when 99 is divided by 44.
11
What is the remainder when 15804 is divided by 14?
12
What is the remainder when 497 is divided by 167?
163
Calculate the remainder when 116 is divided by 25.
16
Calculate the remainder when 815 is divided by 68.
67
What is the remainder when 160 is divided by 7?
6
Calculate the remainder when 48276 is divided by 209.
206
What is the remainder when 316 is divided by 8?
4
What is the remainder when 451 is divided by 113?
112
What is the remainder when 2715 is divided by 2715?
0
What is the remainder when 121 is divided by 16?
9
What is the remainder when 4483 is divided by 1117?
15
Calculate the remainder when 1162 is divided by 28.
14
Calculate the remainder when 6774 is divided by 22.
20
What is the remainder when 77 is divided by 29?
19
What is the remainder when 3144 is divided by 47?
42
What is the remainder when 362 is divided by 13?
11
Calculate the remainder when 137 is divided by 4.
1
Calculate the remainder when 407 is divided by 142.
123
Calculate the remainder when 152 is divided by 11.
9
What is the remainder when 348 is divided by 26?
10
Calculate the remainder when 161 is divided by 14.
7
What is the remainder when 1042 is divided by 19?
16
Calculate the remainder when 4143 is divided by 1378.
9
Calculate the remainder when 362 is divided by 33.
32
What is the remainder when 41 is divided by 16?
9
What is the remainder when 286 is divided by 104?
78
What is the remainder when 262 is divided by 38?
34
Calculate the remainder when 3916 is divided by 70.
66
Calculate the remainder when 1944 is divided by 14.
12
Calculate the remainder when 481 is divided by 25.
6
Calculate the remainder when 971 is divided by 36.
35
What is the remainder when 219 is divided by 55?
54
Calculate the remainder when 2006 is divided by 101.
87
What is the remainder when 1076 is divided by 54?
50
What is the remainder when 88 is divided by 45?
43
Calculate the remainder when 391 is divided by 5.
1
What is the remainder when 1452 is divided by 182?
178
Calculate the remainder when 384 is divided by 74.
14
Calculate the remainder when 39 is divided by 35.
4
Calculate the remainder when 585 is divided by 49.
46
Calculate the remainder when 829 is divided by 133.
31
What is the remainder when 1305 is divided by 40?
25
Calculate the remainder when 924 is divided by 133.
126
What is the remainder when 250 is divided by 21?
19
What is the remainder when 779 is divided by 11?
9
Calculate the remainder when 440 is divided by 143.
11
Calculate the remainder when 71 is divided by 38.
33
What is the remainder when 977 is divided by 214?
121
Calculate the remainder when 427 is divided by 144.
139
Calculate the remainder when 253 is divided by 14.
1
What is the remainder when 54249 is divided by 227?
223
What is the remainder when 181 is divided by 14?
13
Calculate the remainder when 4302 is divided by 331.
330
What is the remainder when 758 is divided by 264?
230
Calculate the remainder when 133 is divided by 6.
1
Calculate the remainder when 3115 is divided by 20.
15
What is the remainder when 206 is divided by 49?
10
What is the remainder when 515 is divided by 37?
34
Calculate the remainder when 736 is divided by 18.
16
Calculate the remainder when 468 is divided by 34.
26
Calculate the remainder when 6485 is divided by 138.
137
Calculate the remainder when 3676 is divided by 16.
12
What is the remainder when 242 is divided by 18?
8
Calculate the remainder when 320 is divided by 39.
8
Calculate the remainder when 402 is divided by 130.
12
Calculate the remainder when 493 is divided by 9.
7
Calculate the remainder when 284 is divided by 27.
14
What is the remainder when 225 is divided by 21?
15
Calculate the remainder when 7673 is divided by 202.
199
What is the remainder when 419 is divided by 179?
61
What is the remainder when 326 is divided by 117?
92
What is the remainder when 3793 is divided by 15?
13
Calculate the remainder when 327 is divided by 325.
2
What is the remainder when 215 is divided by 100?
15
What is the remainder when 256 is divided by 23?
3
Calculate the remainder when 334 is divided by 320.
14
What is the remainder when 36857 is divided by 20?
17
Calculate the remainder when 708 is divided by 351.
6
Calculate the remainder when 1400 is divided by 108.
104
Calculate the remainder when 1101 is divided by 337.
90
Calculate the remainder when 247 is divided by 23.
17
What is the remainder when 42 is divided by 27?
15
Calculate the remainder when 660 is divided by 25.
10
Calculate the remainder when 3259 is divided by 325.
9
Calculate the remainder when 7746 is divided by 17.
11
Calculate the remainder when 93 is divided by 4.
1
Calculate the remainder when 365 is divided by 9.
5
Calculate the remainder when 17848 is di